8. Is y(-23) composite?
False
Suppose 4*i - 118899 = -5*g, -4*i + g + 2*g + 118939 = 0. Is i a composite number?
True
Suppose 5*r + 85 = 4*b + 4*r, r - 15 = -b. Is (-679)/4*(-1)/(5/b) a prime number?
False
Suppose -60*d + 2894096 = -331444. Is d composite?
False
Let w = 91 - -14. Is (-2 + w/(-2))/(7/(-98)) a composite number?
True
Suppose l - 4748 - 2683 = -4*t, -3*l + 22238 = t. Is l a prime number?
True
Suppose 20 = 10*d - 5*d. Suppose 164 = d*m + 3*b + b, -2*m = 5*b - 73. Let g = 343 - m. Is g a composite number?
True
Let b(y) = -y**2 + 2*y - 8. Let c be b(2). Let g be (-124)/8 + (-1)/2. Is (260/g)/(2/c) prime?
False
Suppose -6*i = -3*i + 18. Is -3*(470/i - -4) a prime number?
True
Suppose 5*u = -3*w + 2630, 946 + 626 = 3*u + 3*w. Is u a prime number?
False
Suppose -2*s + 15 - 1 = 0. Let v = -5 + s. Suppose 111 - 373 = -v*f. Is f a composite number?
False
Let r(o) = -o**2 + 7*o + 16. Let u be r(9). Is 10/(-3)*39/u a composite number?
True
Suppose -c + 2*j = -34799, 21 = -3*j + 33. Is c a prime number?
True
Let j be (2 - -1) + 11 + -3. Suppose 0 = -d + j + 3. Let z = 65 - d. Is z a prime number?
False
Let y = 2799 + -6171. Let n = y - -7271. Is n a prime number?
False
Is 49/(-14)*(-6098)/7 composite?
False
Let r(o) = -o**3 - 39*o**2 + 56*o - 79. Is r(-42) composite?
False
Let z be ((-1)/2)/((-2)/120). Suppose -4*f + z = -f. Suppose 0 = b - 0*b - y - 186, 0 = 2*y - f. Is b prime?
True
Let f(k) = -1250*k - 1. Let t be f(-1). Suppose -4*h - t = -5*h. Is h prime?
True
Let k be (-3 + -1 - -4)/2. Suppose -25 = -5*g - 5*u, k = 4*g - 3*g + 2*u - 6. Suppose g*q - 176 = 164. Is q composite?
True
Let r = 47 + -45. Let t(i) = 38*i**3 - 4*i**2 + 2*i + 1. Is t(r) prime?
True
Let y(z) = z**3 + 13*z**2 + 23*z + 16. Let o be y(-11). Suppose 5*v - 80 = -2*u + 6, o*u - 4*v = 281. Is u a composite number?
False
Let z be (-3)/(-2) - (-2)/4. Suppose 0 = -5*c + z*c + 483. Is c a composite number?
True
Let o be -9*(2 + 220/(-12)). Suppose 2*l + o = 5*l. Let i = 74 - l. Is i a prime number?
False
Let s(k) = -3*k + 2099. Is s(0) prime?
True
Let z = 92 + -132. Let c be (-3 + 4 - z)*6. Suppose 14*i + c = 16*i. Is i composite?
True
Suppose 4*s - 7 - 5 = 0. Suppose s*z = k - 629, -5*k = -0*k - z - 3145. Is k a prime number?
False
Let y be (-9)/(-12) - 81/(-4). Let c be 1/((-10)/12 + 1). Suppose c*n = 3*n + y. Is n a prime number?
True
Suppose 3*u - 617 = -4*p, 4*u + u - 1038 = 3*p. Suppose 5*b = -10, -d - 2*b = -670 + u. Is d prime?
True
Let y(c) = -c**2 - 2*c. Let s be y(-6). Let b(i) = -23*i + 61. Let m be b(6). Let z = s - m. Is z a prime number?
True
Suppose -2*h - 25 = -5*a, -h = -2*a - 2*a + 17. Let v = a + -11. Let g(k) = -15*k + 7. Is g(v) a composite number?
False
Suppose 11*t - 12*t + 5 = 0. Suppose 4*r - 4*j = -r + 4615, -4*j + 4575 = t*r. Is r composite?
False
Let a(l) = 13*l**3 + 4*l + 1. Let d(t) = 14*t**3 + 3*t + 1. Let n(g) = -5*a(g) + 6*d(g). Suppose -23*p + 54 = 4*p. Is n(p) composite?
False
Suppose -130159 + 22266 = -23*t. Is t composite?
False
Is (0 - 5)*236007/(-135) composite?
False
Let c be 5/(150/(-78)) + 2/(-5). Is (-101)/((-4)/26 - c/273) a prime number?
False
Suppose 3*f = 4*f - 2648. Let g be (-2)/(-5) - f/20. Is 5/35 + g/(-7) prime?
True
Suppose -684662 = -249*w + 227*w. Is w a prime number?
True
Let v be (-7)/(-2)*12/21. Suppose -2510 = -2*k - 4*p, 3*k - 5*p - 3783 = -v*p. Is k a composite number?
False
Suppose 3*y - 5*y = -12. Let q(i) = 49*i - 4. Let j be q(y). Suppose 5*a - j = -0*a. Is a prime?
False
Let c(i) = -2*i**3 - 10*i**2 - 10*i - 9. Suppose 0 = m - 2*k, -5*k - 9 = -0*m - m. Is c(m) composite?
True
Let y(b) = 60*b + 6. Let h be y(11). Let n be ((-21)/9)/((-2)/h). Let j = -320 + n. Is j a prime number?
True
Let v be 4024/(-6)*810/(-20). Let i = 109 - 67. Is v/i - 6/(-21) composite?
False
Suppose 12*y + 1433 - 569 = 0. Let b = 91 - y. Is b prime?
True
Let x(m) = 5*m**3 + m**2. Let j be x(1). Let t be j/9 - 16/(-12). Suppose -2*i + 5*h + 417 = 0, 3*i - 673 = -0*i - t*h. Is i a prime number?
False
Let d(g) = -5*g + 1. Let k be d(0). Is 0 + k - (-11646)/3 a prime number?
False
Let p(s) = -5*s + 3097. Is p(0) a composite number?
True
Suppose 2*g + 236 = 3*r, 2*r = 3*r + 5*g - 90. Let x be -12*(-5)/(r/(-84)). Let n = -26 - x. Is n a prime number?
True
Suppose -30*b = -31*b + 2322. Let j = b + -1535. Is j composite?
False
Let q(y) be the third derivative of -y**4/2 - 13*y**3/6 + y**2. Let g = 2 - 13. Is q(g) a prime number?
False
Let s be (-1727)/(-4) - (-13)/52. Let n = s + 11. Is n a composite number?
False
Suppose -l - 22 = -2*a, -a + 3*l + 7 = -9. Let p = -8 + a. Suppose b + p*b = 1509. Is b composite?
False
Suppose 9 = a + 5. Let i be (-952)/(-20) - a/(-10). Is -2 - i*-13 - -1 prime?
False
Suppose 6*a - 21 = 3*a. Suppose w - 4*c + 1 = 0, -2*w - 2*w + a = -5*c. Suppose -w*t = -t - 206. Is t composite?
False
Suppose 16*j - 7318 = 15*j + 4*y, 0 = 4*y. Is j composite?
True
Suppose -u + 2*f + 9189 = -2*f, u + 5*f - 9144 = 0. Is u a prime number?
False
Let i be (108 + 8/(-1))*(1 + -2). Let s be 1*(622 - 2/2). Let u = i + s. Is u a prime number?
True
Suppose -66*y = -11139 - 13479. Is y a composite number?
False
Let q = 3217 + -5067. Let z(j) = 2600*j**3 - 1. Let f be z(1). Let k = q + f. Is k a prime number?
False
Suppose 0 = 3*r + 3, -2*u - 13*r + 12*r = -32433. Is u composite?
False
Let f(b) be the third derivative of 5*b**4/12 - 13*b**3/6 + 95*b**2 - b. Suppose 0 = d, 2*d - 40 = -5*w - 3*d. Is f(w) composite?
False
Suppose 50*v - 49*v = 278. Is v composite?
True
Let j = 2725 + 392. Let m = 5424 - j. Is m a composite number?
True
Let r(b) = 2*b - 7. Let d be r(5). Suppose -5*a = -h - 1124, -d*h + 1128 = a + 4*a. Let v = -160 + a. Is v prime?
False
Let o be 0 + 0 - 30/(-10). Suppose -o*t + 149 = -7360. Is t a prime number?
True
Let b(o) = -144*o - 269. Is b(-17) composite?
False
Suppose 0 = l - 4*l - 1410. Let w = l + 666. Suppose -w = 6*m - 10*m. Is m a composite number?
True
Let a = 15689 - 8190. Is a composite?
False
Let w be ((-51)/6)/((-5)/10). Let c(a) = 5*a**2 - 22. Is c(w) a prime number?
True
Suppose -p = 68 - 52. Let m = p + 85. Is m composite?
True
Let j = 25957 - 2858. Is j prime?
True
Let h = 2606 - -297. Is h prime?
True
Let j(k) = -376*k**2 - 6*k. Let y(d) = 377*d**2 + 7*d + 1. Let p(w) = -4*j(w) - 3*y(w). Is p(1) prime?
True
Let o(p) = -p - 4 + 1 - 7 + 3. Let t be o(-4). Is t - 3/(15/(-15110)) prime?
True
Suppose -2*l = -6*l + 856. Suppose -l = 3*y + 245. Let w = -10 - y. Is w a composite number?
True
Let v(p) = 2*p**3 + 9*p**2 - 7*p - 6. Let x be v(-5). Let c(w) = 4*w**3 + w**2 - 9. Is c(x) a composite number?
False
Suppose -2*b + u = 243 + 14, -3*u + 643 = -5*b. Let m = 361 - b. Is m a composite number?
True
Suppose 3*n + t = 1, 5*n = -3*t + t. Suppose n = -3*j - 1, -5*b = -3*j - 38. Suppose 0 = 3*i - 2*i - b. Is i a composite number?
False
Let s(q) = 106*q + 537. Is s(7) a prime number?
True
Let x(w) = -6*w + 2. Let o be x(-2). Suppose -14 = -s + 5*q, -5*s = -5*q - o - 16. Suppose -6*a = -s*a - 70. Is a a composite number?
True
Let l(q) = -2*q**2 + q + 673. Let h = -18 + 30. Let y(o) = 2*o - 24. Let c be y(h). Is l(c) a prime number?
True
Let k be (1/(-2))/((-15)/120). Suppose k*m = -3890 + 17502. Is m a composite number?
True
Let z(b) = -b**2. Let f(t) = t**2 + 8*t - 8. Let j(w) = -f(w) - 2*z(w). Let a be j(8). Suppose 29 - 6 = q + 5*m, 4*q - a = m. Is q a composite number?
False
Let p be (-6)/(-4)*(-13 - -15). Suppose 0 = 6*q - p*q - 717. Is q a prime number?
True
Suppose -2*s + 1100 = -1538. Is s composite?
False
Let u(g) = g**3 - 5*g**2 + 6*g. Let f be u(4). Let d(v) = v**3 - 9*v**2 + 7*v - 10. Let w be d(f). Is 4/w - (-12054)/54 a prime number?
True
Let j(o) = -151*o**3 - 2*o**2 + o + 1. Let l(h) = 453*h**3 + 5*h**2 - 2*h - 3. Let n(r) = 11*j(r) + 4*l(r). Is n(2) prime?
False
Let d = 12 + -8. Let t(u) = -2*u**3 - 4*u**2 - u + 158. Let b(l) = -3*l**3 - 5*l**2 - l + 157. Let m(p) = d*t(p) - 3*b(p). Is m(0) prime?
False
Suppose 4*f = 2*q + 2*f - 36, 15 = q - 2*f. Let c be q/(-35) - 408/(-5). Suppose -c = -3*a - 18. Is a a prime number?
False
Suppose -5*t + t - 4069 = 5*x, -t = 3*x + 1019. Let n = -721 - t. Is n a prime number?
False
Let x(q) = 287*q + 46. Is x(5) a prime number?
True
Suppose -2*k = -2 + 4, -2*n -